4b5aa (base 12) to base 4
122001112102
What is 86a91 (base 12) in base 14?
48b25
What is -1454166 (base 7) in base 6?
-4130143
What is 456b7 (base 15) in base 10?
220897
Convert 2222310 (base 9) to base 11.
747482
10201200022 (base 3) to base 10
73394
What is 357327 (base 8) in base 4?
131323113
What is -9c4b8 (base 16) in base 5?
-130441214
11000100010010000 (base 2) to base 13
36986
Convert -740982 (base 10) to base 7.
-6204204
14333 (base 5) to base 7
3360
What is -2313034011 (base 5) in base 9?
-10713545
Convert 10110110001101010 (base 2) to base 16.
16c6a
31504540 (base 6) to base 11
583033
-1100011000001101101100 (base 2) to base 10
-3244908
What is 7155551 (base 8) in base 5?
441004202
What is 42104012 (base 6) in base 10?
1221704
What is -30163363 (base 8) in base 14?
-bb44cb
-303360 (base 8) to base 13
-36726
7126371 (base 9) to base 11
2163773
Convert 612244 (base 7) to base 8.
313173
What is -213240201 (base 5) in base 10?
-915051
What is -11100100010001110101110 (base 2) in base 14?
-dca06a
Convert -28964 (base 15) to base 6.
-2443321
What is -42501452 (base 7) in base 6?
-205243505
Convert -1483664 (base 9) to base 10.
-822856
5524003 (base 6) to base 16
434a3
What is -11b776 (base 16) in base 9?
-2158626
Convert -54434 (base 7) to base 12.
-7a52
What is 4742352 (base 8) in base 6?
43434042
Convert b5808a (base 12) to base 13.
78c511
What is 111010011110011111 (base 2) in base 12?
b673b
115206 (base 8) to base 16
9a86
-200186 (base 10) to base 9
-334538
Convert -1142000 (base 5) to base 16.
-53fc
-110334430 (base 5) to base 9
-812246
What is -341449 (base 13) in base 8?
-4544321
Convert 314711 (base 11) to base 10.
503977
-10001530 (base 7) to base 10
-824152
-670809 (base 11) to base 15
-161e80
What is -252855 (base 10) in base 8?
-755667
Convert -1230101020 (base 4) to base 13.
-126b08
Convert 72174 (base 8) to base 13.
1075b
Convert -124124440 (base 5) to base 7.
-5136111
What is -1671cd (base 15) in base 7?
-12145405
200223321122 (base 4) to base 11
4922634
102210001002 (base 3) to base 15
48a6b
What is -24154301 (base 7) in base 13?
-5a291b
1150164 (base 9) to base 11
396439
Convert -1011011100111011 (base 2) to base 14.
-13147
Convert -50855 (base 15) to base 6.
-5244325
-42214121 (base 5) to base 16
-55bb9
What is -4883855 (base 9) in base 10?
-2653529
Convert -41130a (base 16) to base 12.
-151800a
What is -4400413 (base 5) in base 8?
-222544
Convert 45590 (base 13) to base 2.
11110110011101111
What is 411342242 (base 6) in base 5?
3302332343
d7575 (base 14) to base 2
1111110111000010011
Convert -50326122 (base 8) to base 10.
-10595410
8c927 (base 13) to base 9
430645
Convert 40ebb (base 16) to base 4.
1000322323
Convert 240401240 (base 5) to base 10.
1106445
10001100101110100110 (base 2) to base 14
1100d0
What is 365352 (base 7) in base 5?
4113401
What is 38a03 (base 13) in base 5?
11324302
-105465 (base 8) to base 4
-20230311
Convert -188583 (base 9) to base 13.
-41844
Convert 2100110022002 (base 3) to base 7.
13421246
-30faa (base 16) to base 10
-200618
Convert 428902 (base 12) to base 3.
1222102222002
-104022433 (base 5) to base 13
-12bca3
Convert -110031132 (base 4) to base 16.
-1435e
Convert 104057 (base 10) to base 4.
121121321
676060 (base 10) to base 2
10100101000011011100
Convert -1011001110001101110 (base 2) to base 11.
-231307
What is -1022424024 (base 5) in base 6?
-114104201
Convert 101000001110111001 (base 2) to base 9.
271043
Convert -4001151 (base 6) to base 4.
-231220123
What is 1013322001 (base 4) in base 9?
488014
Convert 4111443 (base 6) to base 14.
5165d
14610673 (base 8) to base 16
3311bb
Convert -101001010010111000111 (base 2) to base 11.
-844715
-3244336 (base 8) to base 16
-d48de
302424313 (base 6) to base 8
23553365
Convert 1213000233 (base 4) to base 5.
102000220
Convert 7ae94 (base 16) to base 9.
846532
What is -42153142 (base 6) in base 12?
-4b27b2
2540ca (base 13) to base 12
371689
What is 1330000113 (base 4) in base 3?
221210202010
Convert c93e1 (base 16) to base 8.
3111741
What is 55868 (base 12) in base 10?
113552
Convert -1665153 (base 7) to base 2.
-111001010011001011
What is -1b2924 (base 13) in base 15?
-d9cde
12222111122 (base 3) to base 2
11100101111101001
23302503 (base 6) to base 2
10110000101101000111
What is 36147a9 (base 11) in base 5?
3103130140
11400242 (base 5) to base 6
2140122
What is 5730277 (base 8) in base 5?
344140300
-b9509 (base 13) to base 5
-41203143
What is -160557 (base 9) in base 12?
-49274
Convert -676a6 (base 11) to base 9.
-158384
What is -41620 (base 13) in base 14?
-30b57
What is -323001 (base 4) in base 13?
-1947
701000 (base 9) to base 6
12513000
-478152 (base 12) to base 8
-4316716
Convert -88b97 (base 16) to base 4.
-2020232113
Convert -110011101010110111101 (base 2) to base 11.
-a57078
-232304 (base 6) to base 2
-100111000010000
What is -2466992 (base 12) in base 2?
-11011000110001111111110
Convert 10703 (base 12) to base 3.
1002211110
What is 35775 (base 15) in base 16?
299c3
69b8a (base 12) to base 5
14013113
What is -836d (base 15) in base 5?
-1342103
Convert -1132601 (base 7) to base 11.
-98193
Convert -41021014 (base 5) to base 13.
-b6c9b
What is 2231312202 (base 4) in base 12?
2a4116
What is 1111008 (base 9) in base 7?
5036552
Convert 10110110100100100110011 (base 2) to base 4.
112310210303
36220 (base 10) to base 15
aaea
What is -132204424 (base 5) in base 3?
-1020200121210
Convert 405414502 (base 6) to base 10.
6985190
What is b6648 (base 12) in base 4?
322130120
-3c73e (base 15) to base 14
-509bb
333252151 (base 6) to base 13
1336963
137190 (base 11) to base 4
310113233
Convert 5b0a11 (base 15) to base 14.
815680
21402324 (base 9) to base 7
153564031
Convert 101000110010001011000100 (base 2) to base 4.
220302023010
Convert 173493 (base 10) to base 4.
222112311
Convert 123433445 (base 7) to base 13.
1816982
-1111021010212 (base 3) to base 14
-168b71
What is 2024216 (base 7) in base 3?
110021101112
-41cd35 (base 15) to base 2
-1011111100100011010000
10110110010111110 (base 2) to base 14
26058
-1690aa1 (base 13) to base 6
-420430301
7ed61c (base 15) to base 7
102406464
What is 24430452 (base 6) in base 10?
781664
What is 6125370 (base 8) in base 3?
10001010121021
Convert -1130031111 (base 5) to base 12.
-a45190
What is -35431120 (base 7) in base 8?
-13750417
-110027 (base 9) to base 2
-10000000001100011
What is -1201222020210 (base 3) in base 5?
-214041210
-23211121 (base 6) to base 2
-10101111000010011001
Convert -11343115 (base 6) to base 2.
-1010110110111010111
What is 50020323 (base 6) in base 13?
3a1427
-64617 (base 8) to base 2
-110100110001111
What is 14399 (base 12) in base 4?
12320211
-197b82 (base 12) to base 14
-b9a02
What is -424120 (base 7) in base 12?
-36621
Convert -1406356 (base 10) to base 5.
-330000411
What is -10801597 (base 10) in base 14?
-1612629
Convert 10010010011110001111101 (base 2) to base 8.
22236175
9640 (base 10) to base 5
302030
3054b5 (base 13) to base 15
17380d
Convert 1ac8e (base 15) to base 2.
10101010010101001
-95b14c (base 13) to base 2
-1101011000101001101010
Convert 11442444 (base 5) to base 6.
2201112
Convert 3304434 (base 5) to base 7.
324541
24476 (base 10) to base 11
17431
What is 53509a (base 13) in base 4?
13130313230
What is -50156 (base 7) in base 15?
-38b5
What is 149d6a (base 16) in base 12?
551a0a
What is -120020201102 (base 3) in base 14?
-7b54b
103203411 (base 5) to base 14
b7c6b
-111010100011110000100000 (base 2) to base 13
-3246230
Convert -8029b (base 12) to base 10.
-166295
What is 2011605 (base 8) in base 16?
81385
Convert 34036137 (base 8) to base 5.
3340333422
Convert 2324213421 (base 5) to base 16.
50efac
333766 (base 8) to base 15
2358a
Convert 1dcc6 (base 14) to base 4.
102231012
Convert -502315 (base 7) to base 14.
-22d0c
Convert 31347346 (base 8) to base 3.
110112222101220
209c8 (base 13) to base 7
333310
-24aa23 (base 13) to base 14
-18cc63
Convert 129460 (base 13) to base 3.
211210211111
What is -4b81aa (base 14) in base 11?
-15135a5
-1121220000202 (base 3) to base 8
-3227215
What is 3869667 (base 10) in base 12?
1367483
Convert -1002020110121 (base 3) to base 6.
-20200241
-3081678 (base 9) to base 2
-110010010010111100001
-100c3 (base 14) to base 13
-14743
-26b09 (base 13) to b